79
Let j(w) = 14*w**2 + 200*w - 1. Give j(-14).
-57
Let r(j) = 29*j**2 - 13*j + 6. Determine r(2).
96
Let h(p) = -p**3 + 33*p**2 + 23*p + 366. Determine h(34).
-8
Let q(f) = 15*f**2 - 16*f - 17. Determine q(-1).
14
Let d(k) = 21*k - 2. Calculate d(8).
166
Let g(p) = -p**2 - 930*p - 8281. Give g(-9).
8
Let s(g) = 1020*g**2 - 18*g - 16. What is s(-1)?
1022
Let f(o) = -5265*o + 5272. Determine f(1).
7
Let h(q) = 2*q**3 + 28*q**2 + 33*q. Calculate h(-13).
-91
Let v(w) = -w**3 + 34*w + 43. Determine v(-7).
148
Let f(n) = 731*n + 9499. Determine f(-13).
-4
Let h(y) = 23*y - 175. Determine h(6).
-37
Let b(c) = c**3 - 6*c**2 - 11*c + 24. What is b(7)?
-4
Let n(w) = w**3 + 13*w**2 - 4*w + 21. Determine n(-14).
-119
Let d(t) = 9*t**2 - 222*t - 170. Calculate d(25).
-95
Let h(m) = -19*m - 1641. Give h(-85).
-26
Let j(t) = -t**2 - 93*t + 693. What is j(-100)?
-7
Let p(m) = -20*m - 86. What is p(-13)?
174
Let i(h) = 2*h**2 - 40*h + 201. What is i(15)?
51
Let c(d) = -d**3 - 4*d**2 + 11*d + 25. Determine c(-5).
-5
Let q(p) = p**3 - 22*p**2 - 46*p - 61. Determine q(24).
-13
Let c(l) = 20*l - 277. Calculate c(14).
3
Let h(x) = x**2 + 125*x + 3701. Give h(-74).
-73
Let f(s) = -s**2 - 430*s + 2613. Calculate f(6).
-3
Let l(q) = -q**3 + 19*q**2 - 23*q - 53. Give l(17).
134
Let s(z) = -15*z**2 - 356*z + 63. Give s(-24).
-33
Let c(i) = 9*i - 526. Determine c(12).
-418
Let u(s) = 231*s - 2997. Calculate u(13).
6
Let r(a) = 19*a**2 - 127*a + 143. Calculate r(6).
65
Let k(j) = 26*j + 87. What is k(-4)?
-17
Let w(t) = -t**3 + 100*t**2 - 909*t + 80187. Calculate w(99).
-3
Let r(n) = -34*n - 532. Determine r(-21).
182
Let v(x) = -3*x**2 + 408*x - 2748. Determine v(7).
-39
Let o(j) = 2*j**3 - 32*j**2 + 137*j - 96. Determine o(7).
-19
Let d(c) = -6*c**2 - 81*c - 52. Calculate d(-13).
-13
Let v(p) = -p**2 + 2*p - 67. Calculate v(12).
-187
Let f(y) = y**3 + 58*y**2 + 4*y + 232. What is f(-58)?
0
Let a(c) = -c**3 - 86*c**2 - 64*c + 1819. Determine a(-85).
34
Let u(b) = b**2 + 115*b + 3229. Calculate u(-56).
-75
Let h(i) = i**3 + 33*i**2 + 198*i - 25. Determine h(-25).
25
Let l(p) = 4*p + 70. Calculate l(-11).
26
Let q(s) = s**3 - 6*s**2 - 25*s + 114. What is q(5)?
-36
Let w(f) = 2*f**3 - 72*f**2 + 594*f + 15. Calculate w(13).
-37
Let g(n) = 89*n + 472. What is g(-5)?
27
Let x(c) = 80*c - 20. Calculate x(-4).
-340
Let f(d) = 703*d - 7031. Calculate f(10).
-1
Let m(h) = h**3 + 2*h**2 + 355*h + 4347. Calculate m(-10).
-3
Let m(r) = 2*r**3 + 71*r**2 + 28*r - 123. Determine m(-35).
122
Let b(h) = 2*h**3 - 341*h**2 + 505*h + 333. Determine b(169).
-5
Let w(v) = 4*v**2 - 1721*v + 23301. Give w(14).
-9
Let z(x) = -16*x + 250. Determine z(15).
10
Let u(g) = -4352*g**2 - 3*g - 6. Give u(0).
-6
Let h(k) = -93*k + 1287. Determine h(13).
78
Let s(y) = -90*y - 1519. Calculate s(-17).
11
Let i(s) = 2*s**3 + 121*s**2 - 47*s + 156. Give i(-61).
-698
Let t(q) = -q**3 + 20*q**2 + 3*q + 158. Calculate t(21).
-220
Let a(b) = -5*b**3 - 6*b**2 - 11*b + 3. Give a(-2).
41
Let s(a) = -a**3 + a**2 + 19*a - 40. Give s(5).
-45
Let l(z) = 13*z**2 + 117*z - 385. What is l(3)?
83
Let d(u) = -8*u**2 + 19*u - 1. What is d(1)?
10
Let s(r) = -52*r**2 - 48*r + 49. Calculate s(1).
-51
Let w(n) = 2*n**3 - 103*n**2 + 60*n - 374. Give w(51).
85
Let l(d) = d**3 + 28*d**2 - 91*d + 34. What is l(-31)?
-28
Let p(l) = l**2 + 53*l - 115. What is p(-54)?
-61
Let z(l) = -l**3 + l**2 + 59*l + 172. Determine z(-4).
16
Let n(g) = -3*g - 34. Give n(11).
-67
Let a(x) = -x**3 + 7*x**2 + 40*x + 46. What is a(11)?
2
Let f(o) = -2*o**3 + 90*o**2 + 184*o - 2. Calculate f(-2).
6
Let y(u) = 7*u + 70. Calculate y(-6).
28
Let d(p) = -p**3 - 14*p**2 + 18*p + 25. Determine d(-12).
-479
Let p(o) = -3*o - 206. Calculate p(-76).
22
Let y(p) = p**2 - 16*p - 110. Calculate y(11).
-165
Let z(q) = -18*q + 136. What is z(7)?
10
Let m(p) = p**3 - 3*p**2 - 7*p + 33. Calculate m(0).
33
Let g(v) = -8*v**2 - 17*v + 142. Calculate g(6).
-248
Let z(h) = 2*h**2 - 2*h. What is z(1)?
0
Let i(p) = 3*p**2 - 54*p - 10. Calculate i(18).
-10
Let w(n) = n**3 + 32*n**2 - 379*n - 388. What is w(-41)?
22
Let q(c) = c**2 + 18*c + 138. Determine q(-8).
58
Let t(m) = 13*m**3 + 2*m**2 - 3. Determine t(2).
109
Let o(f) = 46*f + 20. Give o(1).
66
Let r(i) = 35*i**2 - 747*i + 943. Give r(20).
3
Let v(a) = -2*a**3 + 27*a**2 + 51*a - 502. Calculate v(14).
16
Let d(p) = p**3 - 51*p**2 + 440*p - 566. Determine d(9).
-8
Let f(m) = -m**2 + 86*m - 1003. Give f(14).
5
Let d(s) = -s + 12. Give d(64).
-52
Let s(p) = 18*p**2 + 23*p - 17. Calculate s(-5).
318
Let u(v) = v**3 - 149. What is u(0)?
-149
Let w(a) = -a**3 + 3*a**2 - 9*a + 58. Calculate w(5).
-37
Let m(h) = -5*h**2 - 48*h - 22. Give m(-9).
5
Let l(b) = b**2 + 43*b + 48. Give l(-39).
-108
Let z(v) = -9*v**2 - 107*v + 455. Calculate z(4).
-117
Let d(z) = -4*z**2 - 30*z - 449. Give d(-12).
-665
Let q(h) = h**2 + 123*h + 712. Give q(-6).
10
Let c(d) = 34*d**2 - 616*d + 70. Calculate c(18).
-2
Let w(j) = -16*j**2 + 13*j - 12. Give w(1).
-15
Let k(y) = 7*y + 583. Calculate k(-84).
-5
Let w(s) = -2*s**3 + 121*s**2 - 118*s - 3479. Calculate w(59).
2
Let w(y) = -47*y + 789. Determine w(17).
-10
Let d(a) = -a**3 + 12*a**2 + 89*a - 68. Give d(17).
0
Let v(x) = -170*x - 2704. What is v(-16)?
16
Let z(k) = 71*k**2 - 4*k. Give z(-1).
75
Let v(z) = 4*z - 181. Determine v(16).
-117
Let i(x) = 35*x**2 - 7947*x + 460. What is i(227)?
6
Let h(b) = -19*b + 166. Calculate h(6).
52
Let j(t) = -t**2 - 16*t + 24. Calculate j(-16).
24
Let c(y) = -108*y - 3. What is c(5)?
-543
Let f(y) = y**3 - 14*y**2 - 319*y + 186. Calculate f(26).
4
Let p(c) = -2*c**2 - 301*c + 1566. Determine p(5).
11
Let p(f) = 70*f**2 - 545*f - 118. Determine p(8).
2
Let s(g) = 2071*g + 126337. Determine s(-61).
6
Let r(j) = -2*j**3 - 18*j**2 - 39*j - 18. Determine r(-6).
0
Let k(n) = 2*n**2 + 33*n + 14. Calculate k(-16).
-2
Let h(o) = -1604*o - 12769. Give h(-8).
63
Let b(t) = -6*t**2 - 7*t + 11. Determine b(3).
-64
Let y(r) = 4*r**2 + 87*r - 177. Determine y(-24).
39
Let v(w) = w**3 - 2*w**2 + 266*w - 264. Determine v(1).
1
Let i(j) = -48*j**2 - 4*j - 28. Calculate i(-4).
-780
Let n(q) = -q**3 - 45*q**2 - 4*q - 184. Determine n(-45).
-4
Let q(g) = -169*g - 12172. Calculate q(-72).
-4
Let m(a) = a**2 + 16*a + 57. What is m(-11)?
2
Let q(d) = -29*d**2 + 303*d - 13. What is q(11)?
-189
Let b(m) = -191*m + 153. Determine b(1).
-38
Let s(p) = 15347*p + 12. Determine s(0).
12
Let a(x) = -114*x + 847. Calculate a(9).
-179
Let o(v) = 11066*v - 22130. Determine o(2).
2
Let d(m) = -m**3 + 7*m**2 + m + 28. Calculate d(8).
-28
Let g(w) = -261*w + 10436. What is g(40)?
-4
Let g(k) = -k**2 - 15*k - 61. Give g(-6).
-7
Let y(c) = -c**2 + 165*c + 3903. Determine y(-21).
-3
Let d(j) = -j**3 - 43*j**2 - 157*j - 54. Calculate d(-39).
-15
Let f(b) = -129*b - 12. Give f(1).
-141
Let o(t) = t**3 + 47*t**2 + 46*t. Calculate o(-46).
0
Let l(o) = o + 102. What is l(13)?
115
Let k(o) = -10*o - 371. What is k(-37)?
-1
Let l(b) = -17*b + 617. Determine l(29).
124
Let h(m) = -10*m**2 + 208*m + 44. What is h(21)?
2
Let d(l) = -3*l**2 + 578*l - 3430. Calculate d(6).
-70
Let p(w) = -2*w**3 - 121*w**2 - 42*w + 999. What is p(-60)?
-81
Let q(n) = 2*n**2 + 18*n - 110. Give q(-13).
-6
Let n(u) = -2*u**3 + 12*u**2 + 64*u + 6. Determine n(-4).
70
Let g(i) = -4*i**3 - 2*i**2 + 21*i - 26. Determine g(2).
-24
Let b(p) = -3*p**3 - 20*p**2 + 29*p + 164. Calculate b(-7).
10
Let w(a) = -a**3 + 24*a**2 - 49*a + 115. Calculate w(22).
5
Let t(v) = -7*v + 71. Give t(-15).
176
Let t(y) = -y**3 + 59*y**2 - 171*y + 195. Determine t(56).
27
Let v(u) = 60*u**2 + 431*u - 433. Give v(1).
58
Let w(l) = -2*l**2 - 352*l - 1367. What is w(-172)?
9
Let u(k) = -63*k**2 - 2328*k + 111. Give u(-37).
0
Let u(t) = -898*t - 2702. Give u(-3).
-8
Let w(s) = 4*s**3 - 21*s**2 - 7*s + 18. What is w(5)?
-42
Let u(z) = -327*z - 332. Calculate u(-1).
-5
Let a(y) = -y**2 - 191*y + 2715. Determine a(13).
63
Let q(d) = -2*d**3 - 78*d**2 + 82*d + 96. Calculate q(-40).
16
Let a(k) = 6*k**2 + 464*k - 1956. Give a(4).
-4
Let b(q) = 8*q**2 + 399*q - 49. What is b(-50)?
1
Let f(o) = -o**3 - 85*o**2 - 85*o - 126. Give f(-84).
-42
Let f(w) = w**3 - 29*w**2 - 57*w + 8. What is f(31)?
163
Let m(r) = -r**2 + 11*r - 27. What is m(9)?
-9
Let l(d) = -d**3 + 14*